
Convert -2f4 (base 16) to base 13.
-462
-33a2 (base 16) to base 5
-410333
-422 (base 5) to base 9
-134
Convert 10030112 (base 4) to base 3.
212120002
Convert 20111 (base 6) to base 2.
101001001011
30066 (base 10) to base 4
13111302
4b8b (base 12) to base 6
103455
Convert 3424132 (base 5) to base 13.
21ac2
What is -1956c (base 13) in base 5?
-3034034
What is -1011011011 (base 2) in base 7?
-2063
Convert -3330 (base 8) to base 3.
-2101220
-4bb3 (base 13) to base 16
-2a29
23002 (base 5) to base 8
3133
Convert 115 (base 7) to base 16.
3d
What is 1101111010 (base 2) in base 9?
1188
-747 (base 11) to base 14
-482
166 (base 7) to base 14
6d
What is 12496 (base 11) in base 8?
42744
1369 (base 15) to base 6
31113
106 (base 13) to base 4
2233
What is 10237 (base 10) in base 14?
3a33
6207 (base 11) to base 8
20053
-1013 (base 5) to base 3
-11221
100011120 (base 3) to base 14
2616
-aabb (base 14) to base 16
-737d
Convert 5f (base 16) to base 13.
74
Convert -11d (base 15) to base 5.
-2003
Convert -3317 (base 9) to base 3.
-10100121
Convert -5624 (base 12) to base 10.
-9532
Convert 1770 (base 9) to base 12.
953
What is -103231 (base 4) in base 11?
-a47
101110000 (base 2) to base 9
448
Convert 10a0 (base 11) to base 7.
4126
Convert 152 (base 11) to base 16.
b2
What is -2527 (base 9) in base 13?
-b23
What is 471a (base 12) in base 15?
2547
Convert 3326 (base 11) to base 7.
15532
1224 (base 8) to base 3
220110
Convert 62356 (base 7) to base 3.
202221221
-54 (base 11) to base 6
-135
106535 (base 8) to base 4
20311131
-164 (base 7) to base 16
-5f
Convert 65a (base 16) to base 7.
4512
-1b9 (base 13) to base 6
-1253
Convert 2123 (base 4) to base 11.
131
Convert 340344 (base 7) to base 4.
32230230
-b8d (base 14) to base 5
-33111
4414 (base 14) to base 2
10111000000010
What is 116452 (base 7) in base 3?
1002111021
What is 7437 (base 11) in base 14?
382d
-100000111 (base 2) to base 15
-128
Convert 10100 (base 4) to base 16.
110
Convert 11010011 (base 4) to base 13.
9596
Convert 510 (base 7) to base 6.
1100
-b7 (base 15) to base 13
-103
-5086 (base 10) to base 7
-20554
Convert -277a (base 11) to base 13.
-1838
Convert 125601 (base 7) to base 14.
8871
Convert 43a (base 12) to base 3.
212001
233344 (base 6) to base 9
30661
What is 15237 (base 9) in base 7?
42220
What is -3051 (base 6) in base 10?
-679
What is -9915 (base 12) in base 5?
-1014430
6252 (base 15) to base 4
11010221
1020 (base 4) to base 8
110
What is 4043 (base 5) in base 12?
377
309a (base 13) to base 2
1101000111110
Convert -20120 (base 5) to base 7.
-3514
What is -418d (base 15) in base 2?
-11011000100010
Convert 1a9 (base 15) to base 5.
3014
Convert 34540 (base 6) to base 15.
1706
What is 1044010 (base 5) in base 10?
18630
104643 (base 7) to base 14
6a5a
Convert -79 (base 12) to base 3.
-10110
Convert -21010220 (base 3) to base 16.
-1458
Convert b09 (base 14) to base 9.
2865
Convert -2210 (base 3) to base 2.
-1001011
2d7d (base 14) to base 5
230042
Convert 21335 (base 6) to base 13.
1451
What is -3150 (base 7) in base 16?
-459
What is -7aa0 (base 16) in base 10?
-31392
Convert -1714 (base 10) to base 4.
-122302
Convert 7df (base 16) to base 11.
1572
What is 42601 (base 7) in base 9?
15461
What is -10019 (base 12) in base 9?
-31423
-137 (base 14) to base 10
-245
4226 (base 13) to base 12
5372
-317 (base 13) to base 16
-20f
20052 (base 6) to base 2
101001000000
112110122 (base 3) to base 12
612b
What is -8902 (base 12) in base 6?
-154002
What is 4464 (base 12) in base 13?
359b
Convert 101010000 (base 2) to base 7.
660
What is 101100022 (base 3) in base 7?
30662
What is -755 (base 8) in base 2?
-111101101
101111002 (base 3) to base 11
5819
Convert -3724 (base 9) to base 16.
-ad8
-20120022 (base 3) to base 8
-11263
667 (base 8) to base 11
36a
Convert -24c8 (base 14) to base 16.
-1930
Convert -253220 (base 7) to base 10.
-46760
What is 130 (base 6) in base 9?
60
Convert -5888 (base 14) to base 4.
-3300300
3c24 (base 14) to base 9
15505
What is -1315203 (base 6) in base 8?
-215363
Convert 201212020 (base 3) to base 10.
14478
1449 (base 11) to base 4
131030
Convert 12712 (base 10) to base 14.
48c0
What is 22013 (base 4) in base 6?
2555
-101 (base 8) to base 10
-65
What is b39 (base 14) in base 5?
32312
-112022011 (base 3) to base 12
-604a
10202211 (base 3) to base 12
1711
-230 (base 15) to base 13
-2c1
138a (base 11) to base 2
11100000000
2adc (base 14) to base 6
55214
Convert 248 (base 14) to base 8.
710
Convert -f5 (base 16) to base 13.
-15b
-1051 (base 10) to base 13
-62b
Convert 5141 (base 9) to base 13.
1936
43a (base 13) to base 10
725
Convert 105a (base 13) to base 6.
14304
1101001101000 (base 2) to base 5
204020
Convert 1418 (base 10) to base 12.
9a2
120202 (base 3) to base 5
3200
What is -16145 (base 7) in base 12?
-2765
-1010000011 (base 2) to base 14
-33d
-2266 (base 8) to base 16
-4b6
2620 (base 11) to base 6
23442
Convert -8a9 (base 12) to base 15.
-5a6
Convert -4432 (base 5) to base 16.
-269
100010000110000 (base 2) to base 8
42060
Convert -8824 (base 9) to base 14.
-2526
What is 7d (base 16) in base 7?
236
What is 46865 (base 10) in base 12?
23155
Convert -104 (base 5) to base 16.
-1d
What is 1278 (base 15) in base 6?
30122
Convert 3717 (base 10) to base 2.
111010000101
Convert 1100011110 (base 2) to base 16.
31e
Convert 328 (base 9) to base 8.
415
111101111 (base 2) to base 13
2c1
67b4 (base 12) to base 7
45364
What is -31806 (base 9) in base 3?
-1001220020
2420304 (base 5) to base 12
22107
Convert -3b5b (base 14) to base 15.
-317e
364a (base 11) to base 7
16626
Convert -125 (base 10) to base 8.
-175
-283a (base 13) to base 14
-217d
Convert 1100101010101 (base 2) to base 7.
24623
Convert -1a19 (base 12) to base 11.
-243a
What is -8755 (base 13) in base 5?
-1100304
What is -1413220 (base 5) in base 16?
-7201
Convert 249 (base 14) to base 13.
292
What is -579 (base 14) in base 4?
-100333
-23004 (base 7) to base 4
-1123023
-103323 (base 4) to base 16
-4fb
What is -636 (base 8) in base 7?
-1131
What is 10000210012 (base 3) in base 9?
100705
Convert 12303 (base 4) to base 10.
435
-1101101 (base 3) to base 5
-13014
2025 (base 8) to base 11
870
Convert 198 (base 10) to base 12.
146
What is -110100101 (base 2) in base 13?
-265
Convert 168aa (base 12) to base 5.
2014021
-2222320 (base 5) to base 6
-500541
What is 3c (base 13) in base 3?
1220
-1b5 (base 15) to base 13
-245
Convert 4405 (base 7) to base 10.
1573
2124 (base 8) to base 4
101110
What is -1711 (base 10) in base 13?
-a18
2234043 (base 5) to base 8
115732
Convert 243 (base 16) to base 15.
289
Convert c99 (base 16) to base 15.
e50
10251 (base 8) to base 6
31425
Convert 108b (base 13) to base 8.
4410
What is -23200013 (base 4) in base 13?
-1859c
What is 2860 (base 9) in base 13?
ca2
What is 122111 (base 3) in base 10?
472
275 (base 13) to base 4
12302
What is 42 (base 14) in base 3?
2011
-220200 (base 3) to base 16
-29a
-123a (base 12) to base 14
-a74
Convert -2001323 (base 4) to base 6.
-102255
What is -58a (base 15) in base 11?
-a41
Convert 16a94 (base 13) to base 3.
2012202010
-23010 (base 6) to base 8
-6256
What is d4b6 (base 15) in base 10?
44946
-101523 (base 6) to base 2
-1111111111011
Convert -11021210 (base 4) to base 2.
-101001001100100
Convert -200 (base 15) to base 5.
-3300
What is -49736 (base 11) in base 13?
-26687
Convert 23102 (base 9) to base 10.
15392
3c03 (base 13) to base 9
12740
1343 (base 6) to base 8
537
-288 (base 12) to base 16
-188
What is -221010 (base 3) in base 2?
-1010100110
-1406 (base 12) to base 13
-1089
Convert -1010000010100101 (base 2) to base 4.
-22002211
What is 74a0 (base 12) in base 15?
3bcc
124 (base 10) to base 9
147
-201 (base 16) to base 9
-630
What is -6176 (base 8) in base 13?
-15c0
2310 (base 11) to base 10
3036
Convert -12f (base 16) to base 13.
-1a4
23653 (base 7) to base 15
1c5d
What is 4327 (base 11) in base 9?
7751
Convert -23443 (base 6) to base 13.
-1725
What is -101101001110 (base 2) in base 6?
-21222
Convert -15531 (base 6) to base 3.
-10112101
484 (base 10) to base 2
111100100
Convert -305 (base 7) to base 13.
-b9
What is -182 (base 16) in base 7?
-1061
-1a6c (base 16) to base 6
-51152
10100101111001 (base 2) to base 6
121053
Convert -2010121121 (base 3) to base 4.
-22100101
-11110011